(-4)/4782) prime?
False
Let d(c) = -49*c**2 + 4*c - 30. Let l be d(10). Let r = 8929 + l. Is r prime?
False
Suppose -52 = -5*k - 7. Suppose -12*b = -k*b + 3810. Is -2 - (-7 + 2) - b a prime number?
False
Let i = -58 + 7. Let r = i - -50. Let t(y) = -632*y**3 - y**2 - y - 1. Is t(r) a prime number?
True
Let v be 6 + -3 - 29*-1. Let w be (-1)/4 + -5 + 9832/v. Let a = 436 - w. Is a a prime number?
False
Let b(d) = -d**3 + 2*d - 1. Let l(m) = -19*m**3 + 4*m**2 - 14*m - 6. Let h(a) = 5*b(a) + l(a). Is h(-5) prime?
True
Let g(q) = -q**3 + 9*q**2 - 15*q + 10. Let m be g(7). Suppose m*y + 2*u = 1285, 0*y + 2*y - 862 = 4*u. Suppose -s = j + 4*s - y, 5*s - 1267 = -3*j. Is j prime?
True
Let a(n) = n**3 - 6*n**2 + 3*n - 4. Let c(p) = p**2 - 19*p - 14. Let g be c(20). Let t be a(g). Is 18/(-63) - (-2482)/t a prime number?
False
Let k(v) = -21599*v - 1544. Is k(-17) a prime number?
True
Suppose -2*v - 8*q = -4*q - 7324, q = -5*v + 18373. Suppose -2*p + 10524 = m, -2*m + 15773 = 3*p - 7*m. Let z = p - v. Is z a prime number?
False
Let u be ((-55)/(-10) + -3)/((-5)/(-20)). Is (u/(-4))/((-3)/1182) a prime number?
False
Let r(h) = -3*h - 38. Let z be r(-21). Suppose s - 3239 = j + 815, -5*j - z = 0. Is s a prime number?
True
Let p be 3/21 - 281/7. Let w = p - -40. Suppose w = -d + 5*u + 195, 4*d - u + 0*u = 742. Is d composite?
True
Let s be 2 + (-6)/4*(6 - 4). Let t be -3*s/3 - -4. Suppose -5*v + 332 = 2*u, 0*u + t*u - 809 = -2*v. Is u a composite number?
True
Let l be (-123)/205 + 8273/5. Suppose 0 = -z - 3*t + 2*t + 1648, z - t - l = 0. Is z prime?
False
Suppose 604897 + 30235 = 244*r. Is r a prime number?
False
Suppose 0*n + 4 = n, c + 2*n = -479. Let k = 1380 + -2658. Let l = c - k. Is l prime?
False
Let q = 7346 - 5155. Let m = -1206 + q. Is m composite?
True
Suppose y + 5*a - 70438 = 0, 4*y - 2*a - 187721 = 93965. Is y a prime number?
True
Suppose 4*w + 17 + 7 = 0. Let h = 229 - w. Is h a prime number?
False
Let q(v) = -v**3 + v + 1. Let s(d) = -46*d**3 + 4*d**2 - 8*d - 1. Let z(n) = 6*q(n) + s(n). Is z(-3) a composite number?
False
Suppose -3*q - 2*o + 26463 = 0, -4*q + 31118 = -4*o - 4146. Is q a prime number?
True
Let a = 10 - 3. Suppose 0 = a*b - 9*b - 17256. Is 8/(-12)*b/8 composite?
False
Let i(h) = 4*h**3 - 24*h**2 - 30. Let g be i(17). Suppose 3*l + 4*j - g = -0*l, -l - 2*j = -4232. Is l composite?
True
Let a(f) = -16245*f + 2341. Is a(-16) prime?
True
Suppose -54*h + 32 = -46*h. Let o(g) = 423*g + 47. Is o(h) composite?
True
Is 249908 + 3 + -11 - (-4 - -3) a prime number?
False
Suppose -153056 = -4*x - 2*g, -151*g - 114781 = -3*x - 147*g. Is x a prime number?
False
Suppose 3*x + 12 = 0, -5*g - 3*x = x - 189. Let s(d) = d**3 - 40*d**2 - 6*d + 64. Is s(g) prime?
True
Let i(d) = 820*d**2 - 13*d - 2. Let n be i(4). Suppose 11541 + n = 11*s. Is s a composite number?
False
Let m(b) = 196*b + 23. Suppose 12*g - 15*g = -18. Let k be g/15*(-120)/(-6). Is m(k) a composite number?
True
Suppose 4 = -3*x + 10. Suppose 0 = 4*s - x*u - 3978, -4*u + 54 = -s + 1059. Suppose 5*h - a + 6*a = 4905, -h + 5*a + s = 0. Is h prime?
True
Is (-1477341)/(-12) + 435/348 a composite number?
False
Let h(z) = 38961*z - 1312. Is h(13) a prime number?
True
Let u = -468 - 1436. Is -5 + 6 - (u - (2 + -4)) prime?
False
Let c(n) = -470*n**2 + 17*n - 14. Let h(y) = -470*y**2 + 14*y - 13. Let i(q) = 2*c(q) - 3*h(q). Is i(5) a prime number?
False
Let v = 5150 - 11167. Suppose 0 = 216*q - 1318621 - 523859. Let x = v + q. Is x prime?
False
Let l be (-29)/(-6) - (-7)/126*3. Is 28/(-140) - ((-1241)/l - -1) composite?
True
Suppose v - 17 = -2*k + 658, 2*v + 5*k = 1351. Let p = v + -314. Is p a composite number?
False
Let r = -59592 - -120035. Is r prime?
True
Let p(w) = 143*w + 743. Is p(48) a prime number?
True
Suppose -258168 - 89907 = 5*g - 1999990. Is g prime?
True
Suppose 0 = -3*u + 12, 0 = 13*z - 12*z + 5*u - 23. Suppose 4*g + z*t - 38072 = 0, -3*g + 14012 = -4*t - 14567. Is g a prime number?
True
Is 80586970/102*(-18)/(-30) prime?
False
Let t = -23 + 26. Let y be (-1)/(1*3/(-222)). Let a = y - t. Is a prime?
True
Let k(d) = 41*d - 10. Let z be k(5). Is (-1 + 4)*z + -4 prime?
False
Let k(j) = 8*j + 26. Let x be k(-13). Let s = -70 - x. Suppose 0 = -r + 3*r - 5*d - 316, -s = -4*d. Is r prime?
True
Let p be 28/(-10)*(-17 - -12). Is (-2 + p/6)/((-3)/(-16515)) a composite number?
True
Let s be 3 - (-2 - 6/(-2)). Let m(k) = -11*k**2 + 5*k**s + k**3 + 13*k + 11 + 2 - 4*k. Is m(12) a prime number?
False
Let i = -7899 - -24274. Let l = i + -7136. Is l a composite number?
False
Suppose -7*u - 42881868 = 31*u - 74*u. Is u composite?
False
Let w(j) = 3924*j + 5. Let f(y) = -2*y**3 - y**2 + 4*y + 2. Let m be f(-2). Is w(m) a prime number?
True
Suppose 12*b + 80419 = 871135. Let u = b - 44688. Is u a prime number?
False
Let j(q) = -2*q**3 - q**2 - 11*q + 20. Let s be j(-8). Is (s/24)/((6/(-68))/(-3)) composite?
True
Let l be (-18)/27*(-3 - 0). Suppose -1983 - 235 = -l*j. Is j composite?
False
Let z(a) = 3*a - 27. Let i be z(9). Suppose 724*v - 723*v - 15013 = i. Is v composite?
False
Let a(f) = -71*f**3 - 7*f**2 - 9*f + 4. Let o be a(-4). Suppose -4*d = 4*y - o, -3*d + 134 + 3216 = -y. Is d composite?
False
Let b(a) = 9626*a - 21. Suppose 27*n = 25*n + 4. Is b(n) prime?
True
Let i(z) = 693*z**2 - 8*z - 203. Is i(-20) a composite number?
False
Let b = 137578 - -213661. Is b a prime number?
False
Suppose 5*l = l + h + 3422, 2*h - 2561 = -3*l. Suppose 3459 - 69 = 3*g. Suppose 5*u - l = g. Is u a composite number?
False
Suppose 0 = 34*c - 25*c - 27. Is ((5 - 84556/8)*-2)/c a composite number?
False
Suppose 11489074 = 219*s - 64999304. Is s a prime number?
False
Let i(p) = -p**2 - 6*p - 8. Let c be i(-2). Suppose 8944 = 2*u - 2*f, c*f - 5*f - 5 = 0. Is u composite?
True
Let a(u) be the first derivative of 1248*u**2 - 17*u - 50. Is a(7) composite?
True
Let q = -53 + 51. Let y(v) = -658*v - 39. Is y(q) composite?
False
Let j(q) = 12*q - 22. Let a be j(9). Let o = -82 + a. Let x(m) = 4*m**3 + 3*m**2 + m + 9. Is x(o) a composite number?
False
Let k be 16506*((-1)/2 - -1). Suppose 5 - 15 = -5*z. Suppose z*n - 11*n + k = 0. Is n a composite number?
True
Let o(g) = -3*g - 26. Let u be o(-10). Suppose 5*r = 5*k - u*k + 15, 5*r - 15 = -3*k. Suppose 2*w - 3*w - 4*v + 1083 = 0, 2*w - 2171 = -r*v. Is w composite?
False
Suppose -z - z = -2*w - 4410, 0 = -2*z - 5*w + 4389. Suppose -49 = 3*f - 178. Suppose -f*b + 37*b = -z. Is b composite?
False
Suppose -3*f + 0*f - 53556 = -4*b, 20 = 5*f. Let a = b - 9559. Is a a composite number?
False
Suppose 6486 = 2*g + 4*m, -9*m = -3*g - 8*m + 9715. Is g a composite number?
True
Suppose t + 157117 = 2*c, t + 235676 = -19*c + 22*c. Is c composite?
True
Suppose 0 = k - 4, 0*l - 3*l + 16 = 4*k. Suppose -11*d + 16*d = l. Suppose -c - c = -2*w - 2792, -5*c - 2*w + 7001 = d. Is c composite?
False
Let t(y) = 98*y + 9. Let r(g) = -g + 20. Let m be r(11). Suppose -3*a = -6 - m. Is t(a) a prime number?
True
Suppose -32 = -26*t + 46. Suppose -5*l + 25132 = t*s + 3591, 14366 = 2*s + 2*l. Is s a composite number?
False
Let r(x) = -137*x + 14486. Is r(0) composite?
True
Let k(v) be the first derivative of -51*v**4/4 - 7*v**3/3 + 7*v**2/2 - 8*v - 206. Is k(-7) a prime number?
True
Suppose 771615 - 489117 = 3*y - 686583. Is y a prime number?
True
Suppose -72 + 56 = -2*u. Suppose 3*a - 52687 = -4*l, 4*a + 3*l = u*l + 70301. Is a a composite number?
False
Is (19/((-1045)/(-12233144)) - 18)/((-1)/(-5)) prime?
False
Suppose -w = -2*w + b + 16, b - 54 = -4*w. Suppose w*r + 101439 - 338809 = 0. Is r a composite number?
True
Suppose 13*d - 11*d - 52 = 0. Suppose d - 31 = -5*j. Suppose 4*t - 6*l = -l + 839, -l = -j. Is t prime?
True
Let y(f) = 417*f - 1. Let b be y(2). Suppose 3*x + x + 3*k - 2266 = 0, 0 = -2*x + 4*k + 1144. Let d = b - x. Is d prime?
False
Let j = 49954 + -32555. Is j a prime number?
False
Is 261497*(6 + 5/10*-10) composite?
True
Suppose 1647301 = -205*m + 288*m. Is m a composite number?
True
Suppose -4*n + 3*n + 40361 = -4*x, 4*n - 161444 = -x. Suppose -2*c - 24214 = 3*z - 0*c, 0 = -5*z + c - n. Is z/(-16) + 2/4 a prime number?
False
Let k(u) = 33*u - 62. Let l be k(2). Suppose -1438 = -l*f + 1750. Is f prime?
True
Let h(m) = -27989*m - 67. Is h(-4) composite?
True
Suppose -16